{"id":7438,"date":"2013-10-21T13:20:25","date_gmt":"2013-10-21T13:20:25","guid":{"rendered":"https:\/\/www.mulch.ro\/servicii\/"},"modified":"2021-02-24T11:19:18","modified_gmt":"2021-02-24T11:19:18","slug":"szolgaltatasok","status":"publish","type":"page","link":"https:\/\/www.mulch.ro\/hu\/szolgaltatasok\/","title":{"rendered":"Szolg\u00e1ltat\u00e1sok"},"content":{"rendered":"<p>[vc_row][vc_column][vc_column_text]<\/p>\n<h2><strong>Kert\u00e9p\u00edt\u00e9si szolg\u00e1ltat\u00e1sok<\/strong><\/h2>\n<p>A Servicii Bistritene t\u00e1rsas\u00e1g seg\u00edts\u00e9get ny\u00fajt azoknak akik kertet akarnak ki\u00e9p\u00edteni \u00e9s azok sz\u00e1m\u00e1ra akik min\u0151s\u00e9gi term\u00e9szetbar\u00e1t, tart\u00f3s \u00e9s el\u0151ny\u0151s \u00e1ron szeretn\u00e9nek a z\u00f6ld\u00f6vezetek rendez\u00e9s\u00e9re n\u00e9zve, term\u00e9keket beszerezni. A t\u00e1rsas\u00e1g a dekorat\u00edv feny\u0151k\u00e9regt\u0151l \u00e9s a nat\u00far k\u00e9rgen kereszt\u00fcl, k\u00fcl\u00f6nb\u00f6z\u0151 \u00e1rnyalat\u00fa mulcsig \u00e9s t\u00e1panyagokban gazdag vir\u00e1gf\u00f6ldet aj\u00e1nl, amely megfelel\u0151 \u00fagy a kerti vir\u00e1goknak, mint a \u00a0cserepes vir\u00e1goknak.[\/vc_column_text][\/vc_column][\/vc_row][vc_row][vc_column]<div class=\"porto-price-boxes pricing-table  pricing-table-flat\"><div class=\"row\"><div class=\" col-lg-4 col-md-6\"><div class=\"porto-price-box plan  plan-custom plan-btn-top\"><h3><strong>Feny\u0151k\u00e9reg<\/strong><em class=\"desc\">50 zs\u00e1kn\u00e1l a sz\u00e1ll\u00edt\u00e1s ingyenes<\/em><span class=\"plan-price\"><span class=\"price\">32 RON \/ 60 L<\/span><\/span><\/h3><a href=\"https:\/\/www.mulch.ro\/hu\/szolgaltatasok\/fenyokereg\/\" target=\"_self\" class=\"btn btn-modern btn-default btn-top\">R\u00e9szletek megtekint\u00e9se<\/a><p><a href=\"https:\/\/www.mulch.ro\/servicii\/scoarta-de-pin\/\"><img loading=\"lazy\" class=\"alignnone size-medium wp-image-6651\" src=\"https:\/\/www.mulch.ro\/wp-content\/uploads\/2016\/05\/7032539-mulci-colorat-scoarta-300x300.jpg\" alt=\"\" width=\"300\" height=\"300\" \/><\/a><\/p>\n<\/div><\/div><div class=\" col-lg-4 col-md-6\"><div class=\"porto-price-box plan  plan-custom plan-btn-top\"><h3><strong>Narancss\u00e1rga Mulcs<\/strong><em class=\"desc\">50 zs\u00e1kn\u00e1l a sz\u00e1ll\u00edt\u00e1s ingyenes<\/em><span class=\"plan-price\"><span class=\"price\">30 RON \/ 60 L<\/span><\/span><\/h3><a href=\"https:\/\/www.mulch.ro\/hu\/szolgaltatasok\/narancssarga-mulcs\/\" target=\"_self\" class=\"btn btn-modern btn-default btn-top\">R\u00e9szletek megtekint\u00e9se<\/a><p><a href=\"https:\/\/www.mulch.ro\/servicii\/mulci-portocaliu\/\"><img loading=\"lazy\" class=\"alignnone size-medium wp-image-6647\" src=\"https:\/\/www.mulch.ro\/wp-content\/uploads\/2016\/05\/7033864-mulci-colorat-scoarta-300x300.jpg\" alt=\"\" width=\"300\" height=\"300\" \/><\/a><\/p>\n<\/div><\/div><div class=\" col-lg-4 col-md-6\"><div class=\"porto-price-box plan  plan-custom plan-btn-top\"><h3><strong>Barna Mulcs<\/strong><em class=\"desc\">50 zs\u00e1kn\u00e1l a sz\u00e1ll\u00edt\u00e1s ingyenes<\/em><span class=\"plan-price\"><span class=\"price\">30 RON \/ 60 L<\/span><\/span><\/h3><a href=\"https:\/\/www.mulch.ro\/hu\/szolgaltatasok\/barna-mulcs\/\" target=\"_self\" class=\"btn btn-modern btn-default btn-top\">R\u00e9szletek megtekint\u00e9se<\/a><p><a href=\"https:\/\/www.mulch.ro\/servicii\/mulci-maro\/\"><img loading=\"lazy\" class=\"alignnone size-medium wp-image-6644\" src=\"https:\/\/www.mulch.ro\/wp-content\/uploads\/2016\/05\/7033862-mulci-colorat-scoarta-300x300.jpg\" alt=\"\" width=\"300\" height=\"300\" \/><\/a><\/p>\n<\/div><\/div><div class=\" col-lg-4 col-md-6\"><div class=\"porto-price-box plan  plan-custom plan-btn-top\"><h3><strong>Perlites \u00e9s dolomitos univerz\u00e1lis vir\u00e1gf\u00f6ld<\/strong><em class=\"desc\">100 t\u00e1ska minimum<\/em><span class=\"plan-price\"><span class=\"price\">10 RON \/ 20 L<\/span><\/span><\/h3><a href=\"https:\/\/www.mulch.ro\/hu\/szolgaltatasok\/perlites-es-dolomitos-univerzalis-viragfold\/\" target=\"_self\" class=\"btn btn-modern btn-default btn-top\">R\u00e9szletek megtekint\u00e9se<\/a><p><a href=\"https:\/\/www.mulch.ro\/servicii\/pamant-pentru-flori-cu-perlit-si-delcamag-cu-substrat-universal\/\"><img loading=\"lazy\" class=\"alignnone size-medium wp-image-6655\" src=\"https:\/\/www.mulch.ro\/wp-content\/uploads\/2016\/05\/pamant_pentru_flori-300x300.jpg\" alt=\"\" width=\"300\" height=\"300\" \/><\/a><\/p>\n<\/div><\/div><div class=\" col-lg-4 col-md-6\"><div class=\"porto-price-box plan  plan-custom plan-btn-top\"><h3><strong>V\u00f6r\u00f6s mulcs<\/strong><em class=\"desc\">50 zs\u00e1kn\u00e1l a sz\u00e1ll\u00edt\u00e1s ingyenes<\/em><span class=\"plan-price\"><span class=\"price\">30 RON \/ 60 L<\/span><\/span><\/h3><a href=\"https:\/\/www.mulch.ro\/hu\/szolgaltatasok\/voros-mulcs\/\" target=\"_self\" class=\"btn btn-modern btn-default btn-top\">R\u00e9szletek megtekint\u00e9se<\/a><p><a href=\"https:\/\/www.mulch.ro\/servicii\/mulci-rosu\/\"><img loading=\"lazy\" class=\"alignnone size-medium wp-image-6613\" src=\"https:\/\/www.mulch.ro\/wp-content\/uploads\/2016\/05\/7033861-mulch-colorat-mulci-scoarta-300x300.jpg\" alt=\"\" width=\"300\" height=\"300\" \/><\/a><\/p>\n<\/div><\/div><div class=\" col-lg-4 col-md-6\"><div class=\"porto-price-box plan  plan-custom plan-btn-top\"><h3><strong>S\u00e1rga Mulcs<\/strong><em class=\"desc\">50 zs\u00e1kn\u00e1l a sz\u00e1ll\u00edt\u00e1s ingyenes<\/em><span class=\"plan-price\"><span class=\"price\">30 RON \/ 60 L<\/span><\/span><\/h3><a href=\"https:\/\/www.mulch.ro\/hu\/szolgaltatasok\/sarga-mulcs\/\" target=\"_self\" class=\"btn btn-modern btn-default btn-top\">R\u00e9szletek megtekint\u00e9se<\/a><p><a href=\"https:\/\/www.mulch.ro\/servicii\/mulci-galben\/\"><img loading=\"lazy\" class=\"alignnone size-medium wp-image-6649\" src=\"https:\/\/www.mulch.ro\/wp-content\/uploads\/2016\/05\/7033863-mulci-colorat-scoarta-300x300.jpg\" alt=\"\" width=\"300\" height=\"300\" \/><\/a><\/p>\n<\/div><\/div><div class=\" col-lg-4 col-md-6\"><div class=\"porto-price-box plan  plan-custom plan-btn-top\"><h3><strong>Nat\u00far k\u00e9reg<\/strong><em class=\"desc\">50 zs\u00e1kn\u00e1l a sz\u00e1ll\u00edt\u00e1s ingyenes<\/em><span class=\"plan-price\"><span class=\"price\">20 RON \/ 60 L<\/span><\/span><\/h3><a href=\"https:\/\/www.mulch.ro\/hu\/szolgaltatasok\/natur-kereg\/\" target=\"_self\" class=\"btn btn-modern btn-default btn-top\">R\u00e9szletek megtekint\u00e9se<\/a><p><a href=\"https:\/\/www.mulch.ro\/servicii\/scoarta-natur\/\"><img loading=\"lazy\" class=\"alignnone size-medium wp-image-6653\" src=\"https:\/\/www.mulch.ro\/wp-content\/uploads\/2016\/05\/7033865-mulci-colorat-scoarta-300x300.jpg\" alt=\"\" width=\"300\" height=\"300\" \/><\/a><\/p>\n<\/div><\/div><\/div><\/div>[\/vc_column][\/vc_row][vc_row][vc_column][vc_cta h2=&#8221;\u00c9rdekelnek a term\u00e9keink?&#8221; color=&#8221;green&#8221; add_button=&#8221;right&#8221; btn_title=&#8221;K\u00e9rj aj\u00e1nlatot&#8221; btn_color=&#8221;green&#8221; btn_link=&#8221;url:https%3A%2F%2Fwww.mulch.ro%2Fhu%2Fkerj-szines-mulcs-ajanlatot%2F|||&#8221;][\/vc_cta][\/vc_column][\/vc_row]<\/p>\n","protected":false},"excerpt":{"rendered":"<p>[vc_row][vc_column][vc_column_text] Kert\u00e9p\u00edt\u00e9si szolg\u00e1ltat\u00e1sok A Servicii Bistritene t\u00e1rsas\u00e1g seg\u00edts\u00e9get ny\u00fajt azoknak akik kertet akarnak ki\u00e9p\u00edteni \u00e9s azok sz\u00e1m\u00e1ra akik min\u0151s\u00e9gi term\u00e9szetbar\u00e1t, tart\u00f3s \u00e9s el\u0151ny\u0151s \u00e1ron szeretn\u00e9nek a z\u00f6ld\u00f6vezetek rendez\u00e9s\u00e9re n\u00e9zve, term\u00e9keket beszerezni. A t\u00e1rsas\u00e1g a dekorat\u00edv feny\u0151k\u00e9regt\u0151l \u00e9s a nat\u00far k\u00e9rgen kereszt\u00fcl, k\u00fcl\u00f6nb\u00f6z\u0151 \u00e1rnyalat\u00fa mulcsig \u00e9s t\u00e1panyagokban gazdag vir\u00e1gf\u00f6ldet aj\u00e1nl, amely megfelel\u0151 \u00fagy a kerti vir\u00e1goknak, [&hellip;]<\/p>\n","protected":false},"author":1,"featured_media":0,"parent":0,"menu_order":0,"comment_status":"open","ping_status":"open","template":"","meta":[],"aioseo_notices":[],"_links":{"self":[{"href":"https:\/\/www.mulch.ro\/hu\/wp-json\/wp\/v2\/pages\/7438"}],"collection":[{"href":"https:\/\/www.mulch.ro\/hu\/wp-json\/wp\/v2\/pages"}],"about":[{"href":"https:\/\/www.mulch.ro\/hu\/wp-json\/wp\/v2\/types\/page"}],"author":[{"embeddable":true,"href":"https:\/\/www.mulch.ro\/hu\/wp-json\/wp\/v2\/users\/1"}],"replies":[{"embeddable":true,"href":"https:\/\/www.mulch.ro\/hu\/wp-json\/wp\/v2\/comments?post=7438"}],"version-history":[{"count":5,"href":"https:\/\/www.mulch.ro\/hu\/wp-json\/wp\/v2\/pages\/7438\/revisions"}],"predecessor-version":[{"id":7666,"href":"https:\/\/www.mulch.ro\/hu\/wp-json\/wp\/v2\/pages\/7438\/revisions\/7666"}],"wp:attachment":[{"href":"https:\/\/www.mulch.ro\/hu\/wp-json\/wp\/v2\/media?parent=7438"}],"curies":[{"name":"wp","href":"https:\/\/api.w.org\/{rel}","templated":true}]}}

Szolgáltatások

<p>[vc_row][vc_column][vc_column_text]</p>
<h2><strong>Kertépítési szolgáltatások</strong></h2>
<p>A Servicii Bistritene társaság segítséget nyújt azoknak akik kertet akarnak kiépíteni és azok számára akik minőségi természetbarát, tartós és előnyős áron szeretnének a zöldövezetek rendezésére nézve, termékeket beszerezni. A társaság a dekoratív fenyőkéregtől és a natúr kérgen keresztül, különböző árnyalatú mulcsig és tápanyagokban gazdag virágföldet ajánl, amely megfelelő úgy a kerti virágoknak, mint a  cserepes virágoknak.[/vc_column_text][/vc_column][/vc_row][vc_row][vc_column]<div class="porto-price-boxes pricing-table  pricing-table-flat"><div class="row"><div class=" col-lg-4 col-md-6"><div class="porto-price-box plan  plan-custom plan-btn-top"><h3><strong>Fenyőkéreg</strong><em class="desc">50 zsáknál a szállítás ingyenes</em><span class="plan-price"><span class="price">32 RON / 60 L</span></span></h3><a href="https://www.mulch.ro/hu/szolgaltatasok/fenyokereg/" target="_self" class="btn btn-modern btn-default btn-top">Részletek megtekintése</a><p><a href="https://www.mulch.ro/servicii/scoarta-de-pin/"><img loading="lazy" class="alignnone size-medium wp-image-6651" src="https://www.mulch.ro/wp-content/uploads/2016/05/7032539-mulci-colorat-scoarta-300x300.jpg" alt="" width="300" height="300" /></a></p>
</div></div><div class=" col-lg-4 col-md-6"><div class="porto-price-box plan  plan-custom plan-btn-top"><h3><strong>Narancssárga Mulcs</strong><em class="desc">50 zsáknál a szállítás ingyenes</em><span class="plan-price"><span class="price">30 RON / 60 L</span></span></h3><a href="https://www.mulch.ro/hu/szolgaltatasok/narancssarga-mulcs/" target="_self" class="btn btn-modern btn-default btn-top">Részletek megtekintése</a><p><a href="https://www.mulch.ro/servicii/mulci-portocaliu/"><img loading="lazy" class="alignnone size-medium wp-image-6647" src="https://www.mulch.ro/wp-content/uploads/2016/05/7033864-mulci-colorat-scoarta-300x300.jpg" alt="" width="300" height="300" /></a></p>
</div></div><div class=" col-lg-4 col-md-6"><div class="porto-price-box plan  plan-custom plan-btn-top"><h3><strong>Barna Mulcs</strong><em class="desc">50 zsáknál a szállítás ingyenes</em><span class="plan-price"><span class="price">30 RON / 60 L</span></span></h3><a href="https://www.mulch.ro/hu/szolgaltatasok/barna-mulcs/" target="_self" class="btn btn-modern btn-default btn-top">Részletek megtekintése</a><p><a href="https://www.mulch.ro/servicii/mulci-maro/"><img loading="lazy" class="alignnone size-medium wp-image-6644" src="https://www.mulch.ro/wp-content/uploads/2016/05/7033862-mulci-colorat-scoarta-300x300.jpg" alt="" width="300" height="300" /></a></p>
</div></div><div class=" col-lg-4 col-md-6"><div class="porto-price-box plan  plan-custom plan-btn-top"><h3><strong>Perlites és dolomitos univerzális virágföld</strong><em class="desc">100 táska minimum</em><span class="plan-price"><span class="price">10 RON / 20 L</span></span></h3><a href="https://www.mulch.ro/hu/szolgaltatasok/perlites-es-dolomitos-univerzalis-viragfold/" target="_self" class="btn btn-modern btn-default btn-top">Részletek megtekintése</a><p><a href="https://www.mulch.ro/servicii/pamant-pentru-flori-cu-perlit-si-delcamag-cu-substrat-universal/"><img loading="lazy" class="alignnone size-medium wp-image-6655" src="https://www.mulch.ro/wp-content/uploads/2016/05/pamant_pentru_flori-300x300.jpg" alt="" width="300" height="300" /></a></p>
</div></div><div class=" col-lg-4 col-md-6"><div class="porto-price-box plan  plan-custom plan-btn-top"><h3><strong>Vörös mulcs</strong><em class="desc">50 zsáknál a szállítás ingyenes</em><span class="plan-price"><span class="price">30 RON / 60 L</span></span></h3><a href="https://www.mulch.ro/hu/szolgaltatasok/voros-mulcs/" target="_self" class="btn btn-modern btn-default btn-top">Részletek megtekintése</a><p><a href="https://www.mulch.ro/servicii/mulci-rosu/"><img loading="lazy" class="alignnone size-medium wp-image-6613" src="https://www.mulch.ro/wp-content/uploads/2016/05/7033861-mulch-colorat-mulci-scoarta-300x300.jpg" alt="" width="300" height="300" /></a></p>
</div></div><div class=" col-lg-4 col-md-6"><div class="porto-price-box plan  plan-custom plan-btn-top"><h3><strong>Sárga Mulcs</strong><em class="desc">50 zsáknál a szállítás ingyenes</em><span class="plan-price"><span class="price">30 RON / 60 L</span></span></h3><a href="https://www.mulch.ro/hu/szolgaltatasok/sarga-mulcs/" target="_self" class="btn btn-modern btn-default btn-top">Részletek megtekintése</a><p><a href="https://www.mulch.ro/servicii/mulci-galben/"><img loading="lazy" class="alignnone size-medium wp-image-6649" src="https://www.mulch.ro/wp-content/uploads/2016/05/7033863-mulci-colorat-scoarta-300x300.jpg" alt="" width="300" height="300" /></a></p>
</div></div><div class=" col-lg-4 col-md-6"><div class="porto-price-box plan  plan-custom plan-btn-top"><h3><strong>Natúr kéreg</strong><em class="desc">50 zsáknál a szállítás ingyenes</em><span class="plan-price"><span class="price">20 RON / 60 L</span></span></h3><a href="https://www.mulch.ro/hu/szolgaltatasok/natur-kereg/" target="_self" class="btn btn-modern btn-default btn-top">Részletek megtekintése</a><p><a href="https://www.mulch.ro/servicii/scoarta-natur/"><img loading="lazy" class="alignnone size-medium wp-image-6653" src="https://www.mulch.ro/wp-content/uploads/2016/05/7033865-mulci-colorat-scoarta-300x300.jpg" alt="" width="300" height="300" /></a></p>
</div></div></div></div>[/vc_column][/vc_row][vc_row][vc_column][vc_cta h2=&#8221;Érdekelnek a termékeink?&#8221; color=&#8221;green&#8221; add_button=&#8221;right&#8221; btn_title=&#8221;Kérj ajánlatot&#8221; btn_color=&#8221;green&#8221; btn_link=&#8221;url:https%3A%2F%2Fwww.mulch.ro%2Fhu%2Fkerj-szines-mulcs-ajanlatot%2F|||&#8221;][/vc_cta][/vc_column][/vc_row]</p>

<p>[vc_row][vc_column][vc_column_text] Kertépítési szolgáltatások A Servicii Bistritene társaság segítséget nyújt azoknak akik kertet akarnak kiépíteni és azok számára akik minőségi természetbarát, tartós és előnyős áron szeretnének a zöldövezetek rendezésére nézve, termékeket beszerezni. A társaság a dekoratív fenyőkéregtől és a natúr kérgen keresztül, különböző árnyalatú mulcsig és tápanyagokban gazdag virágföldet ajánl, amely megfelelő úgy a kerti virágoknak, [&hellip;]</p>
