{"id":7515,"date":"2016-05-14T12:04:39","date_gmt":"2016-05-14T12:04:39","guid":{"rendered":"https:\/\/www.mulch.ro\/shop\/mulch-portocaliu\/"},"modified":"2021-02-24T10:05:42","modified_gmt":"2021-02-24T10:05:42","slug":"narancssarga-mulcs","status":"publish","type":"product","link":"https:\/\/www.mulch.ro\/hu\/shop\/narancssarga-mulcs\/","title":{"rendered":"Narancss\u00e1rga Mulcs"},"content":{"rendered":"<p>100%-os \u00f6kol\u00f3giai term\u00e9k, a term\u00e9szetes eredet\u0171 sz\u00ednez\u00e9knek k\u00f6sz\u00f6nhet\u0151en, a narancss\u00e1rga mulcs, amely festett f\u00e1b\u00f3l k\u00e9sz\u00fclt, ki fogja emelni a kert vagy b\u00e1rmely egy\u00e9b z\u00f6ld \u00f6vezetben elhelyezett mindegyik t\u00e1rgy vagy n\u00f6v\u00e9ny r\u00e9szleteit, egy vid\u00e1m, befogad\u00f3 \u00e1rnyalatot \u00e9s egy rusztikus excentrikus aspektust biztos\u00edtva, \u00e9s egy k\u00fcl\u00f6nleges t\u00e1j\u00e9p\u00edt\u00e9szeti rendez\u00e9st.<\/p>\n<p>Dekorat\u00edv szerepe mellett, a narancss\u00e1rga mulcsnak a n\u00f6v\u00e9nyekre, a cserj\u00e9kre, z\u00f6lds\u00e9gekre vagy a vir\u00e1gokra n\u00e9zve v\u00e9delmi funkci\u00f3ja is van. A t\u00e1panyagtartalm\u00e1nak k\u00f6sz\u00f6nhet\u0151en, a mulcs l\u00e9nyegesen hozz\u00e1j\u00e1rul a n\u00f6v\u00e9nyek fejl\u0151d\u00e9s\u00e9hez \u00e9s megel\u0151zi a gyomok terjed\u00e9s\u00e9t. Hasonl\u00f3k\u00e9ppen, g\u00e1tolja az infiltr\u00e1ci\u00f3kat, a talaj fagy\u00e1s\u00e1t, biztos\u00edtva az \u00f6sszes sz\u00fcks\u00e9ges aspektust a talaj nedvess\u00e9g\u00e9nek meg\u0151rz\u00e9s\u00e9hez.<\/p>\n<p>Egy teljesen speci\u00e1lis alternat\u00edva, megfelel\u0151 \u00e9s gazdas\u00e1gos a megszokott gyepnek, a k\u00fcl\u00f6nb\u00f6z\u0151 \u00e1rnyalat\u00fa fak\u00e9reg, de k\u00fcl\u00f6n\u00f6sen a narancss\u00e1rga mulcs, egy k\u00fcl\u00f6nleges megk\u00f6zel\u00edt\u00e9si m\u00f3dot jelent a mag\u00e1n kert vagy egy z\u00f6ld k\u00f6zter\u00fclet dekor\u00e1ci\u00f3j\u00e1hoz. Seg\u00edts\u00e9g\u00e9vel, a ki\u00e9p\u00edteni k\u00edv\u00e1nt helyis\u00e9g az \u00f6sszes megh\u00edvottja sz\u00e1m\u00e1ra egy vonz\u00f3 helly\u00e9 fog v\u00e1lni, a sz\u00e9ps\u00e9g\u00e9vel, eredetis\u00e9g\u00e9vel \u00e9s funkcional\u00edt\u00e1s\u00e1val felkelti az \u00e9rdekl\u0151d\u00e9st \u00e9s a kiv\u00e1ncsis\u00e1got.<\/p>\n","protected":false},"excerpt":{"rendered":"<p>Egy kert k\u00fcl\u00f6nleges ki\u00e9p\u00edt\u00e9s\u00e9hez vagy b\u00e1rmely z\u00f6ld \u00f6vezet sz\u00e9p\u00edt\u00e9s\u00e9hez, de a talaj biol\u00f3giai aktivit\u00e1s\u00e1nak jav\u00edt\u00e1sa \u00e9rdek\u00e9ben is, a narancs \u00e1rnyalat\u00fa, f\u00e1b\u00f3l k\u00e9sz\u00fclt k\u00e9reg egy egyedi \u00e9s nagyon eredeti megold\u00e1st jelent. Vil\u00e1gos narancss\u00e1rga \u00e1rnyalatban, ki fogja emelni a n\u00f6v\u00e9nyeket \u00e9s a z\u00f6ld\u00f6vezet teljes dekor\u00e1ci\u00f3j\u00e1t, t\u00f6k\u00e9letesen \u00f6sszeilleszkedve b\u00e1rmely t\u00edpus\u00fa sz\u00ednnel \u00e9s rendez\u00e9si t\u00edpussal, vagy pedig haszn\u00e1lhat\u00f3 kromatikus \u00f6sszet\u00e9telekben, k\u00fcl\u00f6nb\u00f6z\u0151 dekor\u00e1ci\u00f3s elemek vagy egyes helyek elk\u00fcl\u00f6n\u00edt\u00e9se c\u00e9lj\u00e1b\u00f3l.<\/p>\n","protected":false},"featured_media":7516,"template":"","meta":[],"aioseo_notices":[],"_links":{"self":[{"href":"https:\/\/www.mulch.ro\/hu\/wp-json\/wp\/v2\/product\/7515"}],"collection":[{"href":"https:\/\/www.mulch.ro\/hu\/wp-json\/wp\/v2\/product"}],"about":[{"href":"https:\/\/www.mulch.ro\/hu\/wp-json\/wp\/v2\/types\/product"}],"wp:featuredmedia":[{"embeddable":true,"href":"https:\/\/www.mulch.ro\/hu\/wp-json\/wp\/v2\/media\/7516"}],"wp:attachment":[{"href":"https:\/\/www.mulch.ro\/hu\/wp-json\/wp\/v2\/media?parent=7515"}],"curies":[{"name":"wp","href":"https:\/\/api.w.org\/{rel}","templated":true}]}}

Narancssárga Mulcs

<p>100%-os ökológiai termék, a természetes eredetű színezéknek köszönhetően, a narancssárga mulcs, amely festett fából készült, ki fogja emelni a kert vagy bármely egyéb zöld övezetben elhelyezett mindegyik tárgy vagy növény részleteit, egy vidám, befogadó árnyalatot és egy rusztikus excentrikus aspektust biztosítva, és egy különleges tájépítészeti rendezést.</p>
<p>Dekoratív szerepe mellett, a narancssárga mulcsnak a növényekre, a cserjékre, zöldségekre vagy a virágokra nézve védelmi funkciója is van. A tápanyagtartalmának köszönhetően, a mulcs lényegesen hozzájárul a növények fejlődéséhez és megelőzi a gyomok terjedését. Hasonlóképpen, gátolja az infiltrációkat, a talaj fagyását, biztosítva az összes szükséges aspektust a talaj nedvességének megőrzéséhez.</p>
<p>Egy teljesen speciális alternatíva, megfelelő és gazdaságos a megszokott gyepnek, a különböző árnyalatú fakéreg, de különösen a narancssárga mulcs, egy különleges megközelítési módot jelent a magán kert vagy egy zöld közterület dekorációjához. Segítségével, a kiépíteni kívánt helyiség az összes meghívottja számára egy vonzó hellyé fog válni, a szépségével, eredetiségével és funkcionalításával felkelti az érdeklődést és a kiváncsiságot.</p>

<p>Egy kert különleges kiépítéséhez vagy bármely zöld övezet szépítéséhez, de a talaj biológiai aktivitásának javítása érdekében is, a narancs árnyalatú, fából készült kéreg egy egyedi és nagyon eredeti megoldást jelent. Világos narancssárga árnyalatban, ki fogja emelni a növényeket és a zöldövezet teljes dekorációját, tökéletesen összeilleszkedve bármely típusú színnel és rendezési típussal, vagy pedig használható kromatikus összetételekben, különböző dekorációs elemek vagy egyes helyek elkülönítése céljából.</p>
